= -f**3 + 39*f**2 + 13*f - 252. What is the tens digit of j(18)?
8
What is the tens digit of (-5)/((-290)/(-4)) - 5698810/(-290)?
5
Let u(s) = s**3 - 19*s**2 - 33*s + 71. Let c(x) = 6*x**3 - 93*x**2 - 165*x + 355. Let w(d) = 2*c(d) - 11*u(d). What is the hundreds digit of w(-21)?
1
Suppose 7*r = -274 - 55. What is the units digit of 1*(-5 - -1 - r)?
3
Suppose -81*m = -2*z - 79*m + 10220, 8 = -4*m. What is the hundreds digit of z?
1
What is the units digit of ((-35)/14 + 2)*-3052?
6
Suppose -3*k - u + 6 = -k, u = 5*k - 15. Suppose -104 - 58 = -k*w. Suppose -x + w = -0*x. What is the tens digit of x?
5
Let i(u) = -u**2 + 28*u + 2. Let t be i(28). Suppose 4*f + 762 = 6*f + q, t*q - 8 = 0. What is the tens digit of f?
7
Let y(p) be the second derivative of -p**3 - 27*p**2/2 - 3*p. Let v be -4 + (2 - (2 + 4)). What is the tens digit of y(v)?
2
Let w(k) = k**2 - 4*k - 2. Let u be w(5). Suppose -r = -6*r - 20, u*q - 25 = 4*r. Suppose 0 = g + 2*o - 63 - 37, -297 = -q*g - 3*o. What is the tens digit of g?
9
Let s be 0/((-13 + 14)*(-1)/(-1)). Suppose 10*a + 24*a - 25058 = s. What is the tens digit of a?
3
Suppose 598*q - 599*q + 20018 = 3*r, 0 = 2*q + 2*r - 40052. What is the ten thousands digit of q?
2
Let a(v) = 4*v + 33. Let x be a(-10). Let g(i) = -3*i - 13. Let z be g(x). Let o(q) = 17*q - 28. What is the units digit of o(z)?
8
Let r = -25 - -28. Suppose 2184 = r*n - 3*o, -n - 1466 = -3*n - 3*o. Suppose -5*v + n - 235 = 0. What is the tens digit of v?
9
Let p be (12/(-14))/(23180/3864 + -6). Suppose -p = 52*d - 61*d. What is the units digit of d?
2
Suppose -5*c = -14 + 4. Let v(m) = 3*m**2 - 29*m - 3. Let g be v(12). Suppose g = o + c. What is the units digit of o?
9
Let c = -42539 + 72295. What is the units digit of c?
6
Let i(z) = 663*z - 2 - 666*z + 4*z**2 - z**2. What is the units digit of i(9)?
4
Let c(y) = -2036*y - 1653. What is the units digit of c(-5)?
7
Let c(j) = 164*j**2 - 4*j. Let p be ((8 + -7)/(-1))/(2/2). What is the hundreds digit of c(p)?
1
Let w(h) = -8*h**2 + 5*h + 1. Let g(c) = c**3 + c**2 - 3*c + 2. Let r(x) = 4*g(x) + w(x). Suppose 0 = -f + 5 - 1. What is the hundreds digit of r(f)?
1
Suppose -3*l + 78*b + 21705 = 81*b, 3*b = -2*l + 14472. What is the tens digit of l?
3
Suppose 17 = -y + 3*v - 102, -5*v = -2*y - 236. Let w = -369 + 546. Let t = y + w. What is the units digit of t?
4
Let b(k) be the first derivative of 57*k**2/2 - 3. Let s be b(2). Suppose 2*j = s + 86. What is the hundreds digit of j?
1
Let u(f) = 31*f**2 + 85*f + 47. Let d(x) = 616*x**2 + 1701*x + 938. Let z(k) = 6*d(k) - 119*u(k). What is the hundreds digit of z(-17)?
5
Let g(z) = 3 - 57*z + 129*z - 62*z - 58*z. What is the hundreds digit of g(-8)?
3
Let w(r) = -2*r**2 - 17*r - 17. Let h be w(-7). Suppose a + 2*v = -2968, -6*v = h*a - 4*v + 11860. What is the units digit of (-1)/(-4) + (a/16)/(-3)?
2
Suppose 428190 = 247*a + 14*a - 523416. What is the thousands digit of a?
3
What is the hundreds digit of ((-8)/7 - 6428540/(-140)) + 0/2?
9
Let c be (2/8)/(96/1920). Let g = 13 - -2. Suppose -2*s - c = -g. What is the units digit of s?
5
Let m(p) = -8*p**2 + p + 17. Suppose -3*u - u + 16 = 0. Let h be m(u). Let f = 170 + h. What is the units digit of f?
3
Suppose j + 945 = -20*j. What is the units digit of j/(-60) + 2/8?
1
Let z be 7/(-1)*12/42. Let k(f) = f**2 + 6*f + 8. Let u be k(-6). What is the tens digit of u*((-23)/z + -4)?
6
Let f = 7 + 0. Suppose f*k - 632 = 5*k. What is the tens digit of k?
1
Let m(y) = -25*y**2 + 13*y + 5. Let o be m(-4). Let f = 315 + o. Let c = 113 - f. What is the hundreds digit of c?
2
Suppose -6*z - 10 = -8*z. Suppose 0*x = 4*x + z*k - 5047, -2*k + 2522 = 2*x. What is the tens digit of x?
5
Suppose 3*t + 12*n - 86602 = 42023, -5*n - 20 = 0. What is the ten thousands digit of t?
4
Let b = 621 - 607. What is the units digit of ((-1208)/b)/((-10)/35)?
2
What is the units digit of ((-18336)/80)/((-6)/260)?
2
Suppose -74*z + 22623 = -28490 - 274561. What is the hundreds digit of z?
4
Suppose 0 = a - 49 + 43. Suppose a*r - 305 = 229. Suppose -r = -4*t + 5*o, 3*t - 5*o = 2*t + 11. What is the tens digit of t?
2
Let s be (-343 - 2) + (-3)/9*0. Let r = s + 556. What is the hundreds digit of r?
2
Let n = -202 - -522. Suppose -2*c + 152 = -4*u, c - n = -4*c - 2*u. Let w = c + 30. What is the units digit of w?
6
Let b(q) = -q**3 - 7*q**2 + 9*q + 15. Let z be b(-8). Suppose -5*d + z*d = 516. Suppose 5*y - 8*y + d = 0. What is the tens digit of y?
8
Let k = -38 + 11. Let r = k - -30. Suppose -25 = -4*j - 3*f + 91, -145 = -5*j - r*f. What is the units digit of j?
9
Let h(l) = -l - 2 - 5*l - 4 - 5. Let g be h(-2). What is the tens digit of 9 - -39 - (-1)/(g/(-3))?
4
Let p(x) = x**2 + x + 44. Let q be p(0). Suppose n + u = -3*n - 28, -5*u + q = -3*n. Let s(j) = -j**2 - 12*j - 15. What is the tens digit of s(n)?
1
Let i be 1 + -8 + 6 + 4. What is the hundreds digit of (i - 11)/24*-414?
1
Let y = -70 + 75. Suppose 0 = -y*l + l + 184. What is the tens digit of l?
4
Let j = 23 - -32. Suppose -j*b = -50*b - 70. What is the units digit of (48/b)/(9/378)?
4
Suppose -55*c - j = -58*c + 20144, -3*c - 5*j = -20132. What is the units digit of c?
4
Let v = -5376 - -9319. What is the units digit of v?
3
Let v = -111730 + 167871. What is the tens digit of v?
4
Let q(k) = 1. Let j(s) = -s - 10. Let o(n) = -j(n) - 4*q(n). Let r be o(1). Suppose 680 = -r*b + 12*b. What is the units digit of b?
6
Let l(w) = -2*w + 19. Let c be l(7). Suppose c - 59 = -3*v. Suppose v*d + 159 = 21*d. What is the tens digit of d?
5
Let k = 594 + -414. What is the tens digit of (-1)/(-5) + 194724/k?
8
Suppose 3*b + 45 = 2*b. Let j = -717 + 727. What is the units digit of (b/j)/((-9)/228)?
4
Suppose 1 = -2*z + 17. Suppose -z*f + 10*f = 612. What is the units digit of f/81 - (-4)/18?
4
Let u be (221 + 2)/(-2 - -3). Let d be -3*(-1)/3 - (-224 - -5). Suppose 0 = 4*o + p - d - u, -2*p + 556 = 5*o. What is the hundreds digit of o?
1
Let l = -5062 + 19580. What is the hundreds digit of l?
5
Suppose 5*j = j + 16. Let w = -565 + 570. Suppose -w*y = 5*l - 945, -j*l + 5*y + 756 = 3*y. What is the hundreds digit of l?
1
Let k be (2/(-4))/((-1)/40). Suppose k*y + 7375 = -1545. Let i = y - -688. What is the hundreds digit of i?
2
Suppose 112*r = 102*r + 570. Let i be (-2)/(-4)*6 - 1. Suppose -l + r = i*k, k + l - 24 = 4. What is the tens digit of k?
2
Let r = 26 - 24. Let h(b) = b**2 - 2*b + 3. Let q be h(r). Suppose -q*j = 7*j - 810. What is the units digit of j?
1
Let r(h) = h - 1. Let y(d) = -6*d - 7. Let l(n) = -r(n) + y(n). Let i be l(-4). Suppose -27*g + i*g + 520 = 0. What is the hundreds digit of g?
1
Let c(q) = 29*q + 22. Let s(w) = 43*w + 33. Let j(i) = 8*c(i) - 5*s(i). Let x(b) = -306*b - 1218. Let a be x(-4). What is the hundreds digit of j(a)?
1
Suppose -4*m - 2*j + 10 = 0, -5*j = -3 - 2. Suppose -2*z - k = -245, 5*z + m*k = k + 620. What is the hundreds digit of z?
1
Let c(u) = -11*u - 158. Let i be c(-16). Suppose -6*p - 4344 = -i*p. What is the tens digit of p?
6
Suppose h - 2*h + 20 = -2*z, -4*z - 22 = -h. Let l = h + -16. Suppose b - 126 = -3*v, -3*b - l*v + 383 = 2*v. What is the tens digit of b?
2
Let r be (-292)/(-10) - 14/70. Let z(p) = -7*p + r - 15 - 16. What is the units digit of z(-7)?
7
Let q = 283 + -281. Suppose -3*s = 3*w - 2094, 6*s = 2*s - q*w + 2788. What is the hundreds digit of s?
6
Suppose 0 = 9*r - 2*r - 70. Let b(n) = -8*n + 4. Let l(k) = 8*k - 5. Let q(f) = 3*b(f) + 4*l(f). What is the tens digit of q(r)?
7
Suppose -3*i + 1878 = -1017. Let h = i + -84. What is the tens digit of h?
8
Let j(z) = -2*z + 18. Let i be j(10). Let k be (-3)/3 + (i - -3 - -3). Suppose 0 = k*x - 5*x + 122. What is the tens digit of x?
6
Let t(q) = q**2 + 20*q + 83. Let y be t(-4). What is the thousands digit of 16467/15 - (-4 + y/5)?
1
Let o = -34 - -17. Let b = o - -21. What is the units digit of 5/3*(-1 + b)?
5
Let l = 84 - 79. Suppose u - 81 = -4*j + 217, -l*j - 4*u = -367. Let a = j + -58. What is the units digit of a?
7
Let j(t) = 60*t + 5. Let u(w) = w**2 + 3*w + 11. Let g be u(0). What is the units digit of j(g)?
5
Let w be (-1 - -3)*(3 + 199). Suppose -a + 4*q = -85, w = 5*a - 3*q + 64. What is the units digit of a?
5
Let c(t) = -18*t**2 - 66*t - 38. Let j be c(-9). Let m